s 9667 a composite number?
True
Is 432659 a prime number?
True
Is 2459 prime?
True
Is 10055 a composite number?
True
Is 10113 a prime number?
False
Is 6502 prime?
False
Is 9221 a prime number?
True
Is 809219 prime?
False
Is 20789 composite?
False
Is 40193 prime?
True
Is 16477 a composite number?
False
Is 5413 composite?
False
Is 8121 prime?
False
Is 60861 composite?
True
Is 298993 prime?
True
Is 118447 prime?
False
Is 147481 composite?
False
Is 148279 prime?
True
Is 1318 a prime number?
False
Is 338621 composite?
True
Is 44351 prime?
True
Is 2333 a composite number?
False
Is 26339 a prime number?
True
Is 2610955 a composite number?
True
Is 56577 a prime number?
False
Is 52827 composite?
True
Is 2547157 a composite number?
True
Is 12097 composite?
False
Is 15401 prime?
True
Is 1403983 composite?
True
Is 228397 prime?
False
Is 57991 a prime number?
True
Is 29977 prime?
False
Is 737047 composite?
False
Is 105379 prime?
True
Is 16243 prime?
False
Is 49319 a prime number?
False
Is 116407 composite?
True
Is 110899 composite?
False
Is 92963 a composite number?
True
Is 280741 a prime number?
False
Is 13579 prime?
False
Is 35071 composite?
True
Is 247873 a composite number?
False
Is 210367 composite?
True
Is 1213 prime?
True
Is 62641 a prime number?
False
Is 4679 composite?
False
Is 2913431 composite?
False
Is 10421 a prime number?
False
Is 44015 composite?
True
Is 14143 a prime number?
True
Is 88459 a composite number?
True
Is 4227 prime?
False
Is 1968353 composite?
False
Is 13523 a composite number?
False
Is 876305 a composite number?
True
Is 42821 a prime number?
True
Is 127873 a prime number?
True
Is 334363 composite?
False
Is 697637 prime?
True
Is 2617379 composite?
False
Is 18937 prime?
False
Is 433367 composite?
True
Is 2049 composite?
True
Is 197149 prime?
False
Is 52703 a prime number?
False
Is 32881 composite?
True
Is 1056205 a composite number?
True
Is 120151 a prime number?
False
Is 1800853 prime?
True
Is 12067 a prime number?
False
Is 599891 a prime number?
True
Is 2999 a composite number?
False
Is 111413 a prime number?
False
Is 163517 composite?
False
Is 2337233 composite?
False
Is 13291 composite?
False
Is 91037 composite?
True
Is 16333 prime?
True
Is 6247 a composite number?
False
Is 257639 a prime number?
True
Is 166087 a composite number?
True
Is 17231 composite?
False
Is 1165183 composite?
False
Is 91727 composite?
True
Is 126943 a prime number?
True
Is 16177061 a composite number?
False
Is 8899 composite?
True
Is 348879 a composite number?
True
Is 308489 composite?
False
Is 709 a prime number?
True
Is 19739 prime?
True
Is 1126751 a composite number?
False
Is 46489 composite?
False
Is 855115 a composite number?
True
Is 200639 composite?
False
Is 35749 a prime number?
False
Is 2791011 a prime number?
False
Is 1612669 prime?
True
Is 6803 composite?
False
Is 6029 a prime number?
True
Is 137635 prime?
False
Is 63241 a prime number?
True
Is 52859 composite?
False
Is 52601 a composite number?
True
Is 14171 a composite number?
True
Is 43951 a prime number?
True
Is 39079 a composite number?
False
Is 1477157 a prime number?
False
Is 10249 prime?
False
Is 8329 a composite number?
False
Is 10687 a composite number?
False
Is 12373 a prime number?
True
Is 3407 prime?
True
Is 71465 a prime number?
False
Is 1027033 a composite number?
True
Is 1059 a composite number?
True
Is 370351 a composite number?
True
Is 6109 a prime number?
False
Is 1829645 a composite number?
True
Is 5501 a composite number?
False
Is 22733 a prime number?
False
Is 13829 prime?
True
Is 20047 composite?
False
Is 5639 composite?
False
Is 56569 composite?
False
Is 31973 a prime number?
True
Is 240085 composite?
True
Is 30878 a composite number?
True
Is 298653 a composite number?
True
Is 22531 prime?
True
Is 8713 prime?
True
Is 1418353 prime?
True
Is 59497 composite?
False
Is 86837 prime?
True
Is 87706 prime?
False
Is 336823 prime?
True
Is 623261 prime?
True
Is 206491 a prime number?
False
Is 221129 a composite number?
True
Is 40895 a prime number?
False
Is 4771 a composite number?
True
Is 608083 prime?
False
Is 1543027 a prime number?
False
Is 5147 prime?
True
Is 16367 a prime number?
False
Is 115 a prime number?
False
Is 456191 composite?
True
Is 3930989 a prime number?
True
Is 50113 a prime number?
False
Is 23717 composite?
True
Is 269801 a prime number?
False
Is 17555 composite?
True
Is 1459 a prime number?
True
Is 1657 composite?
False
Is 965491 composite?
False
Is 195927 composite?
True
Is 2728409 composite?
False
Is 26441 a composite number?
True
Is 47621 composite?
True
Is 526 prime?
False
Is 7717 a composite number?
False
Is 476161 a prime number?
False
Is 267091 a prime number?
False
Is 8059 composite?
False
Is 1154761 a composite number?
True
Is 4751 a prime number?
True
Is 179737 composite?
False
Is 39139 a composite number?
False
Is 63911 a prime number?
False
Is 256831 composite?
False
Is 25837 a composite number?
True
Is 35683 composite?
True
Is 517747 a composite number?
False
Is 24251 a composite number?
False
Is 10883 a prime number?
True
Is 93409 composite?
True
Is 2098 a prime number?
False
Is 240551 prime?
True
Is 337 prime?
True
Is 750811 composite?
True
Is 641629 prime?
False
Is 95369 a composite number?
False
Is 49319 a composite number?
True
Is 81431 composite?
True
Is 9091 prime?
True
Is 319 a prime number?
False
Is 160813 a composite number?
False
Is 757577 prime?
True
Is 9307 a prime number?
False
Is 6033 a prime number?
False
Is 62969 prime?
True
Is 586591 prime?
False
Is 35671 a prime number?
True
Is 88277 prime?
False
Is 16001 a prime number?
True
Is 5381 a prime number?
True
Is 25349 composite?
False
Is 6158 a prime number?
False
Is 5367047 a prime number?
False
Is 987757 a prime number?
False
Is 1557613 a composite number?
False
Is 11443 prime?
True
Is 6898 composite?
True
Is 3017 a composite number?
True
Is 22613 a composite number?
False
Is 613671 a composite number?
True
Is 152501 composite?
False
Is 104249 prime?
False
Is 62581 a prime number?
True
Is 28901 a composite number?
False
Is 43045 prime?
False
Is 53059 a prime number?
False
Is 11341 composite?
True
Is 1151 composite?
False
Is 34081 a composite number?
True
Is 182233 a prime number?
True
Is 72251 a composite number?
False
Is 45347 a composite number?
True
Is 1145093 prime?
True
Is 87509 prime?
True
Is 28787 a prime number?
False
Is 16217 a prime number?
True
Is 233743 composite?
False
Is 59999 a composite number?
False
Is 1075091 composite?
False
Is 54881 prime?
True
Is 638591 composite?
True
Is 815389 a composite number?
False
Is 14699 composite?
False
Is 2683721 composite?
True
Is 105227 a prime number?
True
Is 29063 a composite number?
False
Is 27983 a composite number?
False
Is 72859 composite?
False
Is 82339 a prime number?
True
Is 203117 prime?
True
Is 557 prime?
True
Is 25503 prime?
False
Is 124529 prime?
True
Is 315923 prime?
False
Is 809297 composite?
False
Is 7493 a composite number?
True
Is 373 composite?
False
Is 2653511 a prime number?
False
Is 96977 composite?
True
Is 41257 a prime number?
True
Is 5873 a composite number?
True
Is 153607 a prime number?
True
Is 651821 a prime number?
True
Is 3220619 a composite number?
False
Is 377 prime?
False
Is 4771 a composite number?
True
Is 1387655 composite?
True
Is 124199 a composite number?
False
Is 85971 prime?
False
Is 1333921 prime?
False
Is 3299 prime?
True
Is 11261 a composite number?
False
Is 552779 a prime number?
False
Is 360587 a composite number?
True
Is 267 prime?
False
Is 660929 composite?
True
Is 27623 composite?
True
Is 181193 a composite number?
False
Is 55043 composite?
True
Is 2609 a composite number?
False
Is 397 a composite number?
False
Is 387463 a composite number?
False
Is 184373 prime?
False
Is 4219 a prime number?
True
Is 2773 a prime number?
False
Is 8633 a prime number?
False
Is 12941 a prime number?
True
Is 1889681 a prime number?
False
Is 4189 a prime number?
False
Is 31643 a composite number?
False
Is 142466 a prime number?
False
Is 2743207 composite?
False
Is 201881 a prime number?
True
Is 60178 a composite number?
True
Is 469303 composite?
False
Is 2026 a prime number?
False
Is 250913 a prime number?
False
Is 4479 a composite number?
True
Is 62099 a composite number?
False
Is 52477 prime?
Fal